of (24 - (-19 + 47 + -8)) + (3 - 2)?
5
What is the value of 434 + -638 + 152 - (20 + (-1 - -2))?
-73
What is -7 - (65 + -3) - (1 + (0 - (17 + -8)))?
-61
-62 - (-2 - 9 - (-10 - -2 - (15 + -22)))
-52
-189 - (70 + -87 + -65)
-107
Calculate 97 + -99 + 10 + 32.
40
Evaluate 9 - (84 + 28 + -114 - (-2 + 1 + -24)).
-14
What is -23 + -1 + 9 + (-225 - -207)?
-33
Evaluate -7 - 9 - (39 - (27 - -18)).
-10
Evaluate -36 + (-47 - -26) + 88 + -50.
-19
Calculate 4 + ((-1 - -11) + (-50 - -44) - (22 + -4)).
-10
What is 26 + (60 - -3) + -51?
38
126 + -45 - (-1 + -2) - 26
58
(22 - (36 - -4)) + -18
-36
Calculate 102 + -53 + (-7 - 2) + -8.
32
139 - 237 - (3 - 63)
-38
What is the value of -10 + (10 - -1) + -29 + (13 - -2) + 78?
65
Evaluate 39 - (48 + 22) - (24 - 33).
-22
Calculate 2 + -2 - (112 - 118) - 5.
1
Calculate 79 + (85 - 146) - (-2 - -3).
17
Evaluate -3 - -52 - (-20 - 76 - -95).
50
What is -5 - (-2 - -10 - -3 - (68 + -58) - 64)?
58
What is 1 + 9 - ((-3 - -1 - -65) + -15 + 4)?
-42
What is the value of -4 - -1 - (-34 + 2 + (-401 - -376))?
54
What is -8 + (-5 - -4) - -48 - 12?
27
What is 2 - 5 - 1 - (3 - 61)?
54
What is -92 - (0 + 6 - 22) - -34?
-42
Evaluate (-6 - -9) + (4 - -15) + (9 - (-5 - -9)).
27
Evaluate -62 - -17 - -45 - (3 + -6 + 1 - 46).
48
What is the value of 1 + -18 + (17 - 1) + -26 + 72 + -55?
-10
Evaluate -83 + (166 - -61 - 67).
77
-79 - (40 + -50 + -41)
-28
(219 - (107 - -1)) + 17 + -5
123
What is (23 - 1 - (251 - 259)) + (-3 - 6)?
21
What is the value of 4 + (23 - 4 - 20 - 14)?
-11
Evaluate 32 + 16 + -45 + -97.
-94
9 + -3 + 36 + 60 - 17
85
Evaluate 47 + 21 + -38 + -9 - 29.
-8
Evaluate 0 - -13 - 2 - (-9 + -2).
22
What is the value of -4 + 6 + -46 + 7 + 152?
115
What is the value of (88 - (-97 + 110)) + (-2 - 0)?
73
Calculate -61 - (-5 - 50) - -22.
16
-1 + (-52 - -35 - (-16 - -3) - (1 - -52))
-58
(-18 - -15) + -14 + 8 + 1 + (-5 - 2)
-15
Calculate 16 + (-66 - -105) + -78.
-23
17 + 0 + -19 + -13 + 16 - (1 - -4)
-4
What is the value of 11 + -11 + 20 - (14 + -7 + -5)?
18
Calculate -74 + (-30 - (-48 + -16)).
-40
Evaluate -7 + -3 + (-11 - -6 - -17) + 13 + 12.
27
What is -223 + (-129 - -224) - -96?
-32
Calculate 2 - -18 - (30 - (72 + -33)).
29
Evaluate (12 - 1) + (-43 + -2 - (10 - (29 - 20))).
-35
What is 9 + (29 - 29 - (3 + 0)) + -10 + -10?
-14
Calculate 65 - ((10 - -1) + -17 + 16 + -12 + 0).
67
Evaluate (16 - (3 - -13) - 3) + 34 + -1.
30
What is (7 + 4 - 0 - 0) + -70 + 0 - 2?
-61
Evaluate 0 - -46 - (-1083 + 1108).
21
Evaluate (27 - (74 - 53)) + -31.
-25
(33 - -45) + 7 + 12 + -48
49
What is the value of 14 + (69 + -12 + 5 - 1 - -3)?
78
Evaluate (-1 - 2 - (295 - 304)) + 102.
108
What is the value of (-20 - -25) + 12 + -16 + -20 - -2?
-17
What is (-479 - -473) + 9 + 1 + 46?
50
-12 + (-16 + 15 - (-122 + 33))
76
-2 - -13 - (27 - (-18 + 20) - 14)
0
Calculate (-25 + 34 - (7 - 2)) + -13 + 5 + 52.
48
What is 10 + -34 + -1 + 19 - (-1 - 0)?
-5
What is 25 + (24 - 171 - -13 - -22)?
-87
What is the value of 0 + 43 + -7 + -18 + 15 + 1?
34
What is the value of -6 + -1 + 0 + 9 + 10 + -55?
-43
Calculate 42 + -7 + -48 + 30 + 15.
32
Calculate -55 + 27 + -38 + 24 + -3.
-45
Calculate (38 - 22 - -19) + 8.
43
Calculate 35 + 7 - 13 - 27.
2
Evaluate (31 - ((33 - 186) + 35)) + -41.
108
What is the value of 13 + -8 + (66 - 29) + 33?
75
What is 32 - 38 - -9 - (-1 + 0 + -2 + 50)?
-44
Evaluate (146 - 201) + -39 + 54.
-40
Calculate (12 - ((44 - 19) + -6)) + -53.
-60
Evaluate 55 - ((1 + 5 - (7 + -1 + -9)) + -11).
57
5 + (-19 - (-43 + (-10 - -18))) + (0 - -16)
37
-199 - -197 - (26 - 1 - (10 - 13))
-30
0 - -3 - 3 - (40 - 40)
0
What is the value of (-14 - (6 + 4)) + (-40 + 88 - -14)?
38
Evaluate 18 - (-77 + 3 + 3 + 49 + -56).
96
4 + -8 + 4 + 37 + -51 + 23
9
Calculate 16 - (19 + (-3 - -12)) - -32.
20
What is the value of 102 - -40 - 254 - -219?
107
-11 + (-20 - -36) + -4 + 28
29
Calculate 16 + -5 - (-3 + -4 + 7) - (29 + -14).
-4
(239 - 218) + -30 - (1 + -70 + 0)
60
What is (1 - 24) + (16 - (-25 + 22 - -7))?
-11
Calculate -2 - (23 - -1 - (-39 - (-25 + -14))).
-26
31 + (4 - 3) + 9 - 36
5
What is the value of 32 - ((35 + 6 - 50) + (-3 - (-1 + -2)))?
41
What is -59 - ((-2 - -3) + -24 + (35 - 12))?
-59
What is the value of -231 - -283 - (20 + 5)?
27
What is 14 - (2 - -7 - (29 - 28 - 45))?
-39
What is 1359 + -1373 - (-3 - (3 + -36))?
-44
Calculate (-59 - (4 - (50 - 26))) + 25.
-14
Calculate 8 + -10 - 25 - (4 + 7) - 19.
-57
What is 68 + (30 + -60 + 13 - (-1 + -10))?
62
Evaluate (8 - ((2 - 2) + 3 - (-58 + 67))) + 76.
90
Evaluate -4 - ((-6 - -3) + 3) - (-14 + 0 + 27).
-17
What is (-2 + 3 - (-80 - -63)) + -18?
0
What is (37 - 1 - ((-92 - -17) + 66)) + 8?
53
0 + 33 + (-123 + 25 - 21)
-86
What is the value of -1 + (38 - -9) - (-23 + 47) - 161?
-139
Calculate (20 - (34 - (-19 - -17))) + 26.
10
What is -12 + 12 - (48 + (23 - 10)) - -2?
-59
Calculate -6 + 43 - (-4 - (1 + 6 + -13)).
35
What is the value of (-8 - ((-1 - (-3 + 4)) + -2)) + (-153 - -220)?
63
What is the value of -135 - -143 - ((-1 - 1) + (7 - 20))?
23
Evaluate (-53 - 9) + 80 + -2 + -30.
-14
What is (-26 - (-87 + 26 + 1)) + 2?
36
(-25 - -11) + (276 - 203)
59
Calculate -58 - -49 - -40 - 48.
-17
What is (15 - (-9 + (12 - -16) + -23)) + 67?
86
Evaluate 10 + -18 + -13 - -17 - -13 - -20.
29
What is the value of 57 - -1 - (-165 - (-172 + 19))?
70
What is the value of (-9 - 0) + -40 + (-12 + 19 - (-8 - -24))?
-58
-7 + 11 + 33 - (-596 + 618)
15
Calculate (-11 - -9 - -9) + (17 - -7 - -54).
85
What is -5 - -1 - ((-8 - 14) + -2 - -25)?
-5
What is (-11 + 5 - (-7 - -5)) + -68?
-72
What is the value of (3 - 11) + -1 + (13 - 9) + 34?
29
What is the value of -5 - (19 - -2 - (230 + -174))?
30
What is the value of (-43 - (-28 + 55 - 31)) + 18?
-21
What is the value of 283 + -497 + (-11 - -126)?
-99
What is the value of 115 - (1 - (-27 + 3) - -11)?
79
Calculate -20 - 3 - (38 - 20) - -8.
-33
What is 145 + ((5 - 15) + -7 - -5) + (34 - 12)?
155
(1 + 12 - (-4 - (-7 - 0))) + -2311 + 2262
-39
Calculate 4 - (-1 + 10) - 16 - (129 - 119).
-31
Evaluate 2 - (-10 - -11) - 11 - (12 - 13).
-9
Calculate 39 - ((19 - 3) + -28 - (3 + -12)).
42
Calculate 9 - (-119 - (-31 + (29 - 8) + 1)).
119
Calculate (5 - 1) + (88 - (184 + -73)).
-19
What is 1 + -22 + -2450 + 2469?
-2
What is -8 + 10 + 7 - (-8 + (-3 - -84 - 2))?
-62
Calculate -65 - (48 + -24 - 87).
-2
134 - -65 - -23 - 134
88
Evaluate (16 - -44 - 88) + (2 - 0) + -5.
-31
What is the value of -23 + (7 - (18 + (-5 - 122) + 2))?
91
What is the value of (20 - 42 - -25) + -32 + 18?
-11
Calculate (-6 - 2) + (9 + -17 + (-72 - -19) - -11).
-58
What is 5 + (8 - (31 + -15 + 18))?
-21
What is the value of (-204 - -274) + (2 - 20)?
52
Calculate -3 - (-7 + 2) - (38 + (-1 - -2)).
-37
What is the value of -17 - (-9 + (0 + -12 - -28 - 6))?
-18
What is the value of -1034 + 950 - (-40 + 4)?
-48
Calculate -36 - ((49 - 63 - (-1 - 3)) + 6).
-32
Calculate (-28 - -36 - (-1 + 20)) + 129 + -24.
94
What is -10 + 53 - (22 - (5 + 0))?
26
Evaluate 0 - (-7 + 13 + -3 + 8 - -27).
-38
-51 - (32 - (94 + -33)) - -56
34
Evaluate 71 - (-85 - (-28 + -80)).
48
What is 4 + 0 + 59 + (-101 - (-47 + -55))?
64
Evaluate 60 + 23 + -47 + -53.
-17
Evaluate -1 + (3 - 0) - (-26 + 10 + 35 + -4).
-13
(-22 - (-4 - 2) - -59) + -13
30
Calculate -42 - (-84 + (77 - 120)).
85
-28 - 0 - (506 - 483)
-51
(28 - 5 - 45) + 46
24
Evaluate ((-3 - 1) + (7 - -7) - 3) + (91 - 7).
91
Evaluate (20 - 34 - 13) + (-38 - -56).
-9
Evaluate -62 + (1 - 16 - ((-97 - -6) + 79)).
-65
Calculate -11 + 1 + (-53 - -8) + -6 + -6.
-67
-19 + (-24 + 1 + 33 - -71)
62
What is the value of -5 + (86 - -2 - (-13 - (30 + (-81 - -33))))?
78
What is the value of (-5 - -28) + -35 + 0 + -34?
-46
What is the value of -58 + 125 + -73 + 1 + -29?
-34
What is (-12 - (-34 + 12 + 26)) + 4 + 15?
3
Evaluate -23 - (-4 - (20 + -19 - 6)).
-24
Evaluate 4 - -10 - (20 + 1 + -25 + 9).
9
What is 119 + -24 + -36 - 49?
10
What is 40 - 0 - ((-158 - -302) + -83)?
-21
Calculate -10 + (-23 - (4 + 10 + (-4 - 4) + -10)).
-29
What is the value of 22 + (7 - (-12 + -5)) + -11?
35
Evaluate (5 - (-38 + 24)) + 41 + -8.
52
What is the value of 4 + 52 - (-4 + 12 + -12 + 5)?
55
What is the value of (14 - 3) + 10 + 15 + (2 - -8 - 3)?
43
-64 - (-72 - 14 - -49)
-27
What is the value of (35 - 43) + -48 - -151?
95
What is -18 + -94 + 54 + 28?
-30
-11 - (-35 - (